= -434 - -704. What is the hundreds digit of z?
2
Let q(a) = 30*a**2 - 3*a + 10. What is the units digit of q(-3)?
9
Let d(q) = -2*q. Let o be d(-1). Suppose -3*j - 115 = o*j. Let v = j + 39. What is the tens digit of v?
1
Let t(q) = 3*q**2 - 7*q**3 - 2 - 2*q - 4*q**2 - 3 + 7. What is the tens digit of t(-2)?
5
Suppose -30*f = -38*f + 7600. What is the hundreds digit of f?
9
Suppose 4*c = a - 8, 0 = c - 4*c - 6. Suppose a = -r + 79 + 61. What is the tens digit of (r/(-50))/((-1)/20)?
5
What is the hundreds digit of 556 + (2 + 2)*1?
5
Let i = -816 - -1396. What is the units digit of i?
0
Let n(v) = 33 + 609*v - v**2 - 631*v + 22. What is the tens digit of n(-23)?
3
What is the units digit of 98373/99 + 16/(-6)?
1
Suppose f = -3*w + 19, 2*f + 5*w - 19 - 14 = 0. Suppose -148 + 19 = -3*y + f*t, 171 = 4*y - 5*t. What is the units digit of y?
9
Suppose 0*f + 4*f - 960 = 0. Let b = -130 + f. What is the hundreds digit of b?
1
Let l(x) = -2*x + 7 - 6 + 7. Let k be l(-4). Suppose -q + k = -0*q. What is the tens digit of q?
1
Suppose 0 = 50*l - 27*l - 8901. What is the hundreds digit of l?
3
Let w = -198 - -509. What is the units digit of w?
1
What is the units digit of (-4 + -4 - 578)/(-1)?
6
Let y(a) = a - 18. Let f be y(9). Let b be (-126)/(-4)*(-6)/f. Suppose -2*j = b - 49. What is the units digit of j?
4
Suppose -5*j - 16 = 4*p, -3*j - 13 + 4 = 3*p. Suppose l - p = 3. Let z = l - 0. What is the units digit of z?
4
Let p(j) = -4*j**3 + 3*j**2 + 4*j - 1. Let s = 14 - 17. What is the tens digit of p(s)?
2
Let c = -18 + 22. What is the units digit of 2*-4*-2*(c - -2)?
6
Suppose -y - 2*a - 2 = 0, -2*y + 1 = -5*a - 4. Suppose -2*c - c + 5*s + 214 = 0, -c + s + 70 = y. What is the tens digit of c?
6
What is the hundreds digit of (-132)/(-231) - (-8053)/7?
1
Let j be 2 - 6 - 22/2. Let o = j - -52. Let x = -28 + o. What is the units digit of x?
9
What is the units digit of (761 - -1) + (-160)/(-32)?
7
Suppose -15 = 41*n - 46*n. Suppose t - 2*t = -n*b + 8, t + 5*b = 24. What is the units digit of t?
4
Let i be (-3552)/14*-1 + (-18)/(-63). Suppose -m + 3*m = i. What is the tens digit of m?
2
Let s = 130 - 102. Suppose -3*q + 61 + 5 = 3*p, p = q - s. What is the units digit of q?
5
Let h(y) = 370*y + 176. What is the units digit of h(3)?
6
Let u(z) = -4*z - 24. Let c be u(-7). Suppose -2*a + 445 = -x + c*x, -448 = -2*a - 2*x. What is the units digit of a?
7
Suppose -j = 4*y - 669, -7*y - 2*j = -11*y + 678. What is the tens digit of y?
6
Let m(p) = -1838*p + 68. What is the units digit of m(-3)?
2
Let k(b) = -b**2 - 16*b - 15. Let w be (-36)/(-12) + (-15 - 0). Let i be k(w). Suppose 2*p = -1 + i. What is the tens digit of p?
1
Let x = 294 - 250. What is the tens digit of x?
4
Let z(h) be the third derivative of h**6/60 - h**5/60 + h**4/6 + h**3/6 + 12*h**2. What is the tens digit of z(2)?
2
What is the hundreds digit of 100/175 + 1686/14?
1
Let f be (-2)/(-11) + 1551/121. Let j be (0 + -3)/(3/(-2)). Let m = f - j. What is the units digit of m?
1
Suppose 3 = v, -4*q + 3*v = -0*v + 1. Suppose q*n = g - 8, -11 = -3*g + 3*n + 16. What is the tens digit of g?
1
Suppose 0 = -4*o - 5*g, -2*o - 5*g + 3 = 13. Suppose -2*p = -9 - o. What is the units digit of (-3)/(p/(-4) + 1)?
4
Let r(h) = 40*h - 232. What is the units digit of r(11)?
8
Let j be (1/2 + 0)/(14/196). What is the units digit of ((-1)/2)/(j/(-854))?
1
Suppose 4*u - 8 = 0, -12*y - 4*u = -9*y - 3329. What is the thousands digit of y?
1
Let k be -2*6/4 - -160. Let z = -32 + k. What is the tens digit of z?
2
Let f(h) = 7*h + 23. Let k be f(-14). What is the units digit of -30*(70/k + (-2)/(-6))?
8
What is the units digit of -1 + 6 - (-31 + -135)?
1
Let m = 1073 + 611. What is the units digit of m?
4
Let g be 3*(4 - 16/6). Suppose 2 = 3*y - g. Suppose -4*q - f + 12 = 0, 7*q + 4*f - 26 = y*q. What is the units digit of q?
2
Let t = -2816 - -6666. What is the thousands digit of t?
3
Let h(p) = -p - 6. Let k be h(-6). Let c(y) = -y**2 - 5*y + 5. Let s be c(1). Let a = k - s. What is the units digit of a?
1
Let w = 12 + -7. Suppose 2*x - x - 40 = 2*y, 239 = w*x + 3*y. What is the units digit of x?
6
Let d(c) = -11*c - 106. What is the units digit of d(-13)?
7
Suppose -4*x + 3261 - 152 = 3*y, 5*y + 4*x - 5187 = 0. What is the tens digit of y?
3
Let g(w) = -20*w**2 + 143*w - 5. What is the hundreds digit of g(6)?
1
Suppose -4*g + 0*g + 504 = 0. Suppose -4*z + 2*b + g = 0, 2*z - 4*b + 67 = 5*z. What is the tens digit of z?
2
Let t be (-2)/(-11) + 2 + (-18)/(-22). Suppose -661 = -4*l - 0*i + t*i, -335 = -2*l + 3*i. What is the units digit of l?
3
Let k(w) = -39*w - 7. Let c(d) = 194*d + 34. Let f(u) = -3*c(u) - 14*k(u). What is the hundreds digit of f(-3)?
1
Let q(y) = -y**3 - 2*y**2 + 3. Let h be q(-3). Let g = h + -14. What is the tens digit of (-39)/g*(-6)/(-9)?
1
Let h = -13 + 435. Suppose 95 = w + p, 5*w - p - h = 29. What is the tens digit of w?
9
What is the hundreds digit of (-276272)/(-240) + (-2)/15?
1
Suppose q = 112 - 49. What is the units digit of q?
3
Let s = -172 - -174. What is the units digit of s?
2
Let g(r) = -4*r**2 - 40*r + 7. Let m be g(-13). Let x = m - -270. What is the hundreds digit of x?
1
Let y = -14 + 118. Suppose 3*i = 2*w - 20 - y, 5*w + 3*i - 352 = 0. Suppose -w = -4*b + 28. What is the units digit of b?
4
Let c = 11 - 6. Let n(g) = 21*g + c*g - 3*g. What is the tens digit of n(1)?
2
Let p be 1/(-4) + (-63)/36. Let a(t) = -4 + 3*t + 2*t**2 + 7 + 3*t**2 + 0*t. What is the tens digit of a(p)?
1
Suppose 0 = -11*d + 9*d + 638. What is the hundreds digit of d?
3
Let x(g) = -3*g - 26. Let h be x(-10). Suppose 0*b = -h*b + 468. What is the tens digit of b?
1
Let z be (4 - 3)/((-4)/(-16)). Suppose -z*b - b + 405 = 0. Suppose -b = -16*s + 13*s. What is the units digit of s?
7
Let x(m) = -2*m**3 + 40*m**2 + 52*m - 37. What is the thousands digit of x(20)?
1
Let x = -313 - -489. Let b = -92 + x. What is the tens digit of b?
8
Suppose -1 = -4*q + 4*c - 45, q + 13 = 2*c. Let o = q - -17. What is the units digit of (-4 - 12/(-4)) + o?
7
Let c(k) = k + 1. Let w = -5 - -11. Let o = w - 5. What is the units digit of c(o)?
2
Let d(o) = -2*o**2 - 52*o - 21. What is the tens digit of d(-21)?
8
What is the tens digit of 66/44*(-2 + 589 - -1)?
8
Suppose -5*v + 1298 + 1437 = 0. What is the units digit of v?
7
Let v = 612 - 146. What is the tens digit of v?
6
Let d(w) = -w**2 + 6*w - 9. Let r be d(3). Suppose 4*y = y + 2*x + 437, 4*y + 4*x - 596 = r. What is the hundreds digit of y?
1
Suppose -h - 4*w + 1622 = 0, 10*h - 12*h + 2*w + 3244 = 0. What is the units digit of h?
2
Let x(v) = 2*v**2 + 11*v + 417. Let n(t) = -t**2 - 5*t - 208. Let o(s) = -9*n(s) - 4*x(s). What is the units digit of o(0)?
4
Let c be (-2)/6 - ((-32)/(-12) + -5). Suppose 240 = 2*q - 3*i + c*i, -120 = -q - i. What is the hundreds digit of q?
1
Let p(r) = 10 - 22*r + 9*r - 18*r. What is the hundreds digit of p(-5)?
1
What is the tens digit of (-94)/94 + 0 + 1136?
3
Let y(w) = -2*w + 17. Let b be y(-14). Let h = b + -13. Suppose -3*j - o = -72, j + o = -8 + h. What is the units digit of j?
4
Let i be 275/66 + 1/(-6). Suppose 0 = -3*v + i*v - 25. Suppose -145 + v = -3*w. What is the tens digit of w?
4
Suppose -c = -h + c - 76, 5*h - 5*c + 405 = 0. Let p = 150 + h. What is the tens digit of p?
6
Suppose 2*m - 730 = -2*g, 3*g = 4*m - 1291 - 204. Suppose -7*z = -9*z + m. What is the units digit of z?
5
Suppose 5*b = 2*b + 15. Suppose c - 15 = -4*u, 5*u = 2*c - b*c + 59. What is the units digit of c?
3
What is the units digit of (-2766)/(-8) + 9/36?
6
What is the thousands digit of 4/32*11762 - (-6)/8?
1
Let i = 3795 - 1968. What is the units digit of i?
7
Suppose 8*q - 5*q = 0. Let a(u) = -2*u + 27. Let v be a(q). Let b = v + -16. What is the units digit of b?
1
Let o(f) = -2*f + 16. Let n be o(3). Suppose 2*y = -0*y + 10. What is the units digit of y/n + (-18)/(-4)?
5
Suppose -q + 3*k = -90, -2*q - 2*k - 3*k + 180 = 0. What is the units digit of q - (0 - -1)*(-5 + 3)?
2
Let f(r) = -12*r + 3. Let d(m) = -4*m + 1. Let i(q) = -17*d(q) + 6*f(q). What is the tens digit of i(-12)?
4
Let b(n) = 9*n**2 + 44*n - 30. What is the hundreds digit of b(-12)?
7
Let p(c) = c**3 - 5*c**2 - c + 5. Let l be p(4). What is the tens digit of (-10)/(2 + l/6)?
2
Le